{"id":24,"date":"2017-02-26T11:55:31","date_gmt":"2017-02-26T10:55:31","guid":{"rendered":"http:\/\/localhost\/?page_id=24"},"modified":"2026-01-07T15:03:20","modified_gmt":"2026-01-07T14:03:20","slug":"startseite","status":"publish","type":"page","link":"https:\/\/www.beatroethlisberger.ch\/site\/","title":{"rendered":"Startseite"},"content":{"rendered":"<div class=\"n2-section-smartslider fitvidsignore \" data-ssid=\"5\" tabindex=\"0\" role=\"region\" aria-label=\"Slider\"><div id=\"n2-ss-5-align\" class=\"n2-ss-align\"><div class=\"n2-padding\"><div id=\"n2-ss-5\" data-creator=\"Smart Slider 3\" data-responsive=\"auto\" class=\"n2-ss-slider n2-ow n2-has-hover n2notransition  \">\n        <div class=\"n2-ss-slider-1 n2_ss__touch_element n2-ow\">\n            <div class=\"n2-ss-slider-2 n2-ow\">\n                                                <div class=\"n2-ss-slider-3 n2-ow\">\n\n                    <div class=\"n2-ss-slide-backgrounds n2-ow-all\"><div class=\"n2-ss-slide-background\" data-public-id=\"1\" data-mode=\"fill\"><div class=\"n2-ss-slide-background-image\" data-blur=\"0\" data-opacity=\"100\" data-x=\"50\" data-y=\"50\" data-alt=\"\" data-title=\"\"><picture class=\"skip-lazy\" data-skip-lazy=\"1\"><img decoding=\"async\" src=\"\/\/www.beatroethlisberger.ch\/site\/wp-content\/uploads\/2017\/07\/IMG-20170724-WA0035.png\" alt=\"\" title=\"\" loading=\"lazy\" class=\"skip-lazy\" data-skip-lazy=\"1\"><\/picture><\/div><div data-color=\"RGBA(255,255,255,0)\" style=\"background-color: RGBA(255,255,255,0);\" class=\"n2-ss-slide-background-color\"><\/div><\/div><div class=\"n2-ss-slide-background\" data-public-id=\"2\" data-mode=\"fill\"><div class=\"n2-ss-slide-background-image\" data-blur=\"0\" data-opacity=\"100\" data-x=\"50\" data-y=\"50\" data-alt=\"\" data-title=\"\"><picture class=\"skip-lazy\" data-skip-lazy=\"1\"><img decoding=\"async\" src=\"\/\/www.beatroethlisberger.ch\/site\/wp-content\/uploads\/2017\/07\/IMG-20170724-WA0029.png\" alt=\"\" title=\"\" loading=\"lazy\" class=\"skip-lazy\" data-skip-lazy=\"1\"><\/picture><\/div><div data-color=\"RGBA(255,255,255,0)\" style=\"background-color: RGBA(255,255,255,0);\" class=\"n2-ss-slide-background-color\"><\/div><\/div><div class=\"n2-ss-slide-background\" data-public-id=\"3\" data-mode=\"fill\"><div class=\"n2-ss-slide-background-image\" data-blur=\"0\" data-opacity=\"100\" data-x=\"50\" data-y=\"50\" data-alt=\"\" data-title=\"\"><picture class=\"skip-lazy\" data-skip-lazy=\"1\"><img decoding=\"async\" src=\"\/\/www.beatroethlisberger.ch\/site\/wp-content\/uploads\/2017\/07\/IMG-20170721-WA0004-1.png\" alt=\"\" title=\"\" loading=\"lazy\" class=\"skip-lazy\" data-skip-lazy=\"1\"><\/picture><\/div><div data-color=\"RGBA(255,255,255,0)\" style=\"background-color: RGBA(255,255,255,0);\" class=\"n2-ss-slide-background-color\"><\/div><\/div><div class=\"n2-ss-slide-background\" data-public-id=\"4\" data-mode=\"fill\"><div class=\"n2-ss-slide-background-image\" data-blur=\"0\" data-opacity=\"100\" data-x=\"50\" data-y=\"50\" data-alt=\"\" data-title=\"\"><picture class=\"skip-lazy\" data-skip-lazy=\"1\"><img decoding=\"async\" src=\"\/\/www.beatroethlisberger.ch\/site\/wp-content\/uploads\/2017\/07\/IMG-20170721-WA0002.png\" alt=\"\" title=\"\" loading=\"lazy\" class=\"skip-lazy\" data-skip-lazy=\"1\"><\/picture><\/div><div data-color=\"RGBA(255,255,255,0)\" style=\"background-color: RGBA(255,255,255,0);\" class=\"n2-ss-slide-background-color\"><\/div><\/div><div class=\"n2-ss-slide-background\" data-public-id=\"5\" data-mode=\"fill\"><div class=\"n2-ss-slide-background-image\" data-blur=\"0\" data-opacity=\"100\" data-x=\"50\" data-y=\"50\" data-alt=\"\" data-title=\"\"><picture class=\"skip-lazy\" data-skip-lazy=\"1\"><img decoding=\"async\" src=\"\/\/www.beatroethlisberger.ch\/site\/wp-content\/uploads\/2017\/07\/csm_DSCN0235_7a23d21048-1.png\" alt=\"\" title=\"\" loading=\"lazy\" class=\"skip-lazy\" data-skip-lazy=\"1\"><\/picture><\/div><div data-color=\"RGBA(255,255,255,0)\" style=\"background-color: RGBA(255,255,255,0);\" class=\"n2-ss-slide-background-color\"><\/div><\/div><div class=\"n2-ss-slide-background\" data-public-id=\"6\" data-mode=\"fill\"><div class=\"n2-ss-slide-background-image\" data-blur=\"0\" data-opacity=\"100\" data-x=\"50\" data-y=\"50\" data-alt=\"\" data-title=\"\"><picture class=\"skip-lazy\" data-skip-lazy=\"1\"><img decoding=\"async\" src=\"\/\/www.beatroethlisberger.ch\/site\/wp-content\/uploads\/2017\/07\/csm_DSCN0127_43a80c3b48-1.png\" alt=\"\" title=\"\" loading=\"lazy\" class=\"skip-lazy\" data-skip-lazy=\"1\"><\/picture><\/div><div data-color=\"RGBA(255,255,255,0)\" style=\"background-color: RGBA(255,255,255,0);\" class=\"n2-ss-slide-background-color\"><\/div><\/div><div class=\"n2-ss-slide-background\" data-public-id=\"7\" data-mode=\"fill\"><div class=\"n2-ss-slide-background-image\" data-blur=\"0\" data-opacity=\"100\" data-x=\"50\" data-y=\"50\" data-alt=\"\" data-title=\"\"><picture class=\"skip-lazy\" data-skip-lazy=\"1\"><img decoding=\"async\" src=\"\/\/www.beatroethlisberger.ch\/site\/wp-content\/uploads\/2017\/07\/csm_DSCN0892_2969efcc7e.png\" alt=\"\" title=\"\" loading=\"lazy\" class=\"skip-lazy\" data-skip-lazy=\"1\"><\/picture><\/div><div data-color=\"RGBA(255,255,255,0)\" style=\"background-color: RGBA(255,255,255,0);\" class=\"n2-ss-slide-background-color\"><\/div><\/div><\/div>                    <div class=\"n2-ss-slider-4 n2-ow\">\n                        <svg xmlns=\"http:\/\/www.w3.org\/2000\/svg\" viewBox=\"0 0 1200 500\" data-related-device=\"desktopPortrait\" class=\"n2-ow n2-ss-preserve-size n2-ss-preserve-size--slider n2-ss-slide-limiter\"><\/svg><div data-first=\"1\" data-slide-duration=\"0\" data-id=\"20\" data-slide-public-id=\"1\" data-title=\"IMG-20170724-WA0035\" class=\"n2-ss-slide n2-ow  n2-ss-slide-20\"><div role=\"note\" class=\"n2-ss-slide--focus\" tabindex=\"-1\">IMG-20170724-WA0035<\/div><div class=\"n2-ss-layers-container n2-ss-slide-limiter n2-ow\"><div class=\"n2-ss-layer n2-ow n-uc-CZJzDOnYsixv\" data-sstype=\"slide\" data-pm=\"default\"><\/div><\/div><\/div><div data-slide-duration=\"0\" data-id=\"19\" data-slide-public-id=\"2\" data-title=\"IMG-20170724-WA0029\" class=\"n2-ss-slide n2-ow  n2-ss-slide-19\"><div role=\"note\" class=\"n2-ss-slide--focus\" tabindex=\"-1\">IMG-20170724-WA0029<\/div><div class=\"n2-ss-layers-container n2-ss-slide-limiter n2-ow\"><div class=\"n2-ss-layer n2-ow n-uc-64pMvgRQ6us8\" data-sstype=\"slide\" data-pm=\"default\"><\/div><\/div><\/div><div data-slide-duration=\"0\" data-id=\"16\" data-slide-public-id=\"3\" data-title=\"IMG-20170721-WA0004\" class=\"n2-ss-slide n2-ow  n2-ss-slide-16\"><div role=\"note\" class=\"n2-ss-slide--focus\" tabindex=\"-1\">IMG-20170721-WA0004<\/div><div class=\"n2-ss-layers-container n2-ss-slide-limiter n2-ow\"><div class=\"n2-ss-layer n2-ow n-uc-JWkOFxnm9IrO\" data-sstype=\"slide\" data-pm=\"default\"><\/div><\/div><\/div><div data-slide-duration=\"0\" data-id=\"14\" data-slide-public-id=\"4\" data-title=\"IMG-20170721-WA0002\" class=\"n2-ss-slide n2-ow  n2-ss-slide-14\"><div role=\"note\" class=\"n2-ss-slide--focus\" tabindex=\"-1\">IMG-20170721-WA0002<\/div><div class=\"n2-ss-layers-container n2-ss-slide-limiter n2-ow\"><div class=\"n2-ss-layer n2-ow n-uc-WWIwS0nweKSo\" data-sstype=\"slide\" data-pm=\"default\"><\/div><\/div><\/div><div data-slide-duration=\"0\" data-id=\"17\" data-slide-public-id=\"5\" data-title=\"csm_DSCN0235_7a23d21048\" class=\"n2-ss-slide n2-ow  n2-ss-slide-17\"><div role=\"note\" class=\"n2-ss-slide--focus\" tabindex=\"-1\">csm_DSCN0235_7a23d21048<\/div><div class=\"n2-ss-layers-container n2-ss-slide-limiter n2-ow\"><div class=\"n2-ss-layer n2-ow n-uc-ObQqBH69jeYu\" data-sstype=\"slide\" data-pm=\"default\"><\/div><\/div><\/div><div data-slide-duration=\"0\" data-id=\"18\" data-slide-public-id=\"6\" data-title=\"csm_DSCN0127_43a80c3b48\" class=\"n2-ss-slide n2-ow  n2-ss-slide-18\"><div role=\"note\" class=\"n2-ss-slide--focus\" tabindex=\"-1\">csm_DSCN0127_43a80c3b48<\/div><div class=\"n2-ss-layers-container n2-ss-slide-limiter n2-ow\"><div class=\"n2-ss-layer n2-ow n-uc-6RhnNysEZeLr\" data-sstype=\"slide\" data-pm=\"default\"><\/div><\/div><\/div><div data-slide-duration=\"0\" data-id=\"13\" data-slide-public-id=\"7\" data-title=\"csm_DSCN0892_2969efcc7e\" class=\"n2-ss-slide n2-ow  n2-ss-slide-13\"><div role=\"note\" class=\"n2-ss-slide--focus\" tabindex=\"-1\">csm_DSCN0892_2969efcc7e<\/div><div class=\"n2-ss-layers-container n2-ss-slide-limiter n2-ow\"><div class=\"n2-ss-layer n2-ow n-uc-koDAvZCSOVUj\" data-sstype=\"slide\" data-pm=\"default\"><\/div><\/div><\/div>                    <\/div>\n\n                                    <\/div>\n            <\/div>\n        <\/div>\n        <\/div><ss3-loader><\/ss3-loader><\/div><\/div><div class=\"n2_clear\"><\/div><\/div>\n\n\n<div class=\"wp-block-group\"><div class=\"wp-block-group__inner-container is-layout-flow wp-block-group-is-layout-flow\">\n<div class=\"wp-block-group\"><div class=\"wp-block-group__inner-container is-layout-flow wp-block-group-is-layout-flow\">\n<h1 class=\"wp-block-heading has-text-align-center\"><\/h1>\n\n\n\n<h2 class=\"wp-block-heading has-text-align-center\"><\/h2>\n\n\n\n<h2 class=\"wp-block-heading has-text-align-center\"><\/h2>\n\n\n\n<div class=\"wp-block-group\"><div class=\"wp-block-group__inner-container is-layout-constrained wp-block-group-is-layout-constrained\">\n<div class=\"wp-block-group\"><div class=\"wp-block-group__inner-container is-layout-constrained wp-block-group-is-layout-constrained\">\n<div class=\"wp-block-columns is-layout-flex wp-container-core-columns-is-layout-1 wp-block-columns-is-layout-flex\">\n<div class=\"wp-block-column is-vertically-aligned-center is-layout-flow wp-block-column-is-layout-flow\"><\/div>\n<\/div>\n<\/div><\/div>\n<\/div><\/div>\n<\/div><\/div>\n<\/div><\/div>\n\n\n\n<p><\/p>\n","protected":false},"excerpt":{"rendered":"","protected":false},"author":1,"featured_media":0,"parent":0,"menu_order":0,"comment_status":"closed","ping_status":"closed","template":"","meta":{"footnotes":""},"class_list":["post-24","page","type-page","status-publish","hentry"],"yoast_head":"<!-- This site is optimized with the Yoast SEO plugin v24.3 - https:\/\/yoast.com\/wordpress\/plugins\/seo\/ -->\n<title>Schreinerei und Holzwaren | Beat R\u00f6thlisberger<\/title>\n<meta name=\"description\" content=\"Schreinerarbeiten aus Holz. Wir fertigen f\u00fcr Sie T\u00fcren, Fenster, K\u00fcchen, M\u00f6bel und vieles mehr aus Holz und nach Mass. Treten Sie mit uns in Verbindung.\" \/>\n<meta name=\"robots\" content=\"index, follow, max-snippet:-1, max-image-preview:large, max-video-preview:-1\" \/>\n<link rel=\"canonical\" href=\"https:\/\/www.beatroethlisberger.ch\/site\/\" \/>\n<meta property=\"og:locale\" content=\"de_DE\" \/>\n<meta property=\"og:type\" content=\"article\" \/>\n<meta property=\"og:title\" content=\"Schreinerei und Holzwaren | Beat R\u00f6thlisberger\" \/>\n<meta property=\"og:description\" content=\"Schreinerarbeiten aus Holz. Wir fertigen f\u00fcr Sie T\u00fcren, Fenster, K\u00fcchen, M\u00f6bel und vieles mehr aus Holz und nach Mass. Treten Sie mit uns in Verbindung.\" \/>\n<meta property=\"og:url\" content=\"https:\/\/www.beatroethlisberger.ch\/site\/\" \/>\n<meta property=\"og:site_name\" content=\"Beat R\u00f6thlisberger\" \/>\n<meta property=\"article:modified_time\" content=\"2026-01-07T14:03:20+00:00\" \/>\n<meta name=\"twitter:card\" content=\"summary_large_image\" \/>\n<meta name=\"twitter:label1\" content=\"Gesch\u00e4tzte Lesezeit\" \/>\n\t<meta name=\"twitter:data1\" content=\"1\u00a0Minute\" \/>\n<script type=\"application\/ld+json\" class=\"yoast-schema-graph\">{\"@context\":\"https:\/\/schema.org\",\"@graph\":[{\"@type\":\"WebPage\",\"@id\":\"https:\/\/www.beatroethlisberger.ch\/site\/\",\"url\":\"https:\/\/www.beatroethlisberger.ch\/site\/\",\"name\":\"Schreinerei und Holzwaren | Beat R\u00f6thlisberger\",\"isPartOf\":{\"@id\":\"https:\/\/www.beatroethlisberger.ch\/site\/#website\"},\"datePublished\":\"2017-02-26T10:55:31+00:00\",\"dateModified\":\"2026-01-07T14:03:20+00:00\",\"description\":\"Schreinerarbeiten aus Holz. Wir fertigen f\u00fcr Sie T\u00fcren, Fenster, K\u00fcchen, M\u00f6bel und vieles mehr aus Holz und nach Mass. Treten Sie mit uns in Verbindung.\",\"breadcrumb\":{\"@id\":\"https:\/\/www.beatroethlisberger.ch\/site\/#breadcrumb\"},\"inLanguage\":\"de\",\"potentialAction\":[{\"@type\":\"ReadAction\",\"target\":[\"https:\/\/www.beatroethlisberger.ch\/site\/\"]}]},{\"@type\":\"BreadcrumbList\",\"@id\":\"https:\/\/www.beatroethlisberger.ch\/site\/#breadcrumb\",\"itemListElement\":[{\"@type\":\"ListItem\",\"position\":1,\"name\":\"Startseite\",\"item\":\"https:\/\/www.beatroethlisberger.ch\/site\/\"},{\"@type\":\"ListItem\",\"position\":2,\"name\":\"Startseite\"}]},{\"@type\":\"WebSite\",\"@id\":\"https:\/\/www.beatroethlisberger.ch\/site\/#website\",\"url\":\"https:\/\/www.beatroethlisberger.ch\/site\/\",\"name\":\"Beat R\u00f6thlisberger\",\"description\":\"Schreinerei und Holzwaren\",\"publisher\":{\"@id\":\"https:\/\/www.beatroethlisberger.ch\/site\/#organization\"},\"potentialAction\":[{\"@type\":\"SearchAction\",\"target\":{\"@type\":\"EntryPoint\",\"urlTemplate\":\"https:\/\/www.beatroethlisberger.ch\/site\/?s={search_term_string}\"},\"query-input\":{\"@type\":\"PropertyValueSpecification\",\"valueRequired\":true,\"valueName\":\"search_term_string\"}}],\"inLanguage\":\"de\"},{\"@type\":\"Organization\",\"@id\":\"https:\/\/www.beatroethlisberger.ch\/site\/#organization\",\"name\":\"Beat R\u00f6thlisberger\",\"url\":\"https:\/\/www.beatroethlisberger.ch\/site\/\",\"logo\":{\"@type\":\"ImageObject\",\"inLanguage\":\"de\",\"@id\":\"https:\/\/www.beatroethlisberger.ch\/site\/#\/schema\/logo\/image\/\",\"url\":\"http:\/\/www.beatroethlisberger.ch\/site\/wp-content\/uploads\/2017\/07\/Sujet-02-1.png\",\"contentUrl\":\"http:\/\/www.beatroethlisberger.ch\/site\/wp-content\/uploads\/2017\/07\/Sujet-02-1.png\",\"width\":512,\"height\":502,\"caption\":\"Beat R\u00f6thlisberger\"},\"image\":{\"@id\":\"https:\/\/www.beatroethlisberger.ch\/site\/#\/schema\/logo\/image\/\"}}]}<\/script>\n<!-- \/ Yoast SEO plugin. -->","yoast_head_json":{"title":"Schreinerei und Holzwaren | Beat R\u00f6thlisberger","description":"Schreinerarbeiten aus Holz. Wir fertigen f\u00fcr Sie T\u00fcren, Fenster, K\u00fcchen, M\u00f6bel und vieles mehr aus Holz und nach Mass. Treten Sie mit uns in Verbindung.","robots":{"index":"index","follow":"follow","max-snippet":"max-snippet:-1","max-image-preview":"max-image-preview:large","max-video-preview":"max-video-preview:-1"},"canonical":"https:\/\/www.beatroethlisberger.ch\/site\/","og_locale":"de_DE","og_type":"article","og_title":"Schreinerei und Holzwaren | Beat R\u00f6thlisberger","og_description":"Schreinerarbeiten aus Holz. Wir fertigen f\u00fcr Sie T\u00fcren, Fenster, K\u00fcchen, M\u00f6bel und vieles mehr aus Holz und nach Mass. Treten Sie mit uns in Verbindung.","og_url":"https:\/\/www.beatroethlisberger.ch\/site\/","og_site_name":"Beat R\u00f6thlisberger","article_modified_time":"2026-01-07T14:03:20+00:00","twitter_card":"summary_large_image","twitter_misc":{"Gesch\u00e4tzte Lesezeit":"1\u00a0Minute"},"schema":{"@context":"https:\/\/schema.org","@graph":[{"@type":"WebPage","@id":"https:\/\/www.beatroethlisberger.ch\/site\/","url":"https:\/\/www.beatroethlisberger.ch\/site\/","name":"Schreinerei und Holzwaren | Beat R\u00f6thlisberger","isPartOf":{"@id":"https:\/\/www.beatroethlisberger.ch\/site\/#website"},"datePublished":"2017-02-26T10:55:31+00:00","dateModified":"2026-01-07T14:03:20+00:00","description":"Schreinerarbeiten aus Holz. Wir fertigen f\u00fcr Sie T\u00fcren, Fenster, K\u00fcchen, M\u00f6bel und vieles mehr aus Holz und nach Mass. Treten Sie mit uns in Verbindung.","breadcrumb":{"@id":"https:\/\/www.beatroethlisberger.ch\/site\/#breadcrumb"},"inLanguage":"de","potentialAction":[{"@type":"ReadAction","target":["https:\/\/www.beatroethlisberger.ch\/site\/"]}]},{"@type":"BreadcrumbList","@id":"https:\/\/www.beatroethlisberger.ch\/site\/#breadcrumb","itemListElement":[{"@type":"ListItem","position":1,"name":"Startseite","item":"https:\/\/www.beatroethlisberger.ch\/site\/"},{"@type":"ListItem","position":2,"name":"Startseite"}]},{"@type":"WebSite","@id":"https:\/\/www.beatroethlisberger.ch\/site\/#website","url":"https:\/\/www.beatroethlisberger.ch\/site\/","name":"Beat R\u00f6thlisberger","description":"Schreinerei und Holzwaren","publisher":{"@id":"https:\/\/www.beatroethlisberger.ch\/site\/#organization"},"potentialAction":[{"@type":"SearchAction","target":{"@type":"EntryPoint","urlTemplate":"https:\/\/www.beatroethlisberger.ch\/site\/?s={search_term_string}"},"query-input":{"@type":"PropertyValueSpecification","valueRequired":true,"valueName":"search_term_string"}}],"inLanguage":"de"},{"@type":"Organization","@id":"https:\/\/www.beatroethlisberger.ch\/site\/#organization","name":"Beat R\u00f6thlisberger","url":"https:\/\/www.beatroethlisberger.ch\/site\/","logo":{"@type":"ImageObject","inLanguage":"de","@id":"https:\/\/www.beatroethlisberger.ch\/site\/#\/schema\/logo\/image\/","url":"http:\/\/www.beatroethlisberger.ch\/site\/wp-content\/uploads\/2017\/07\/Sujet-02-1.png","contentUrl":"http:\/\/www.beatroethlisberger.ch\/site\/wp-content\/uploads\/2017\/07\/Sujet-02-1.png","width":512,"height":502,"caption":"Beat R\u00f6thlisberger"},"image":{"@id":"https:\/\/www.beatroethlisberger.ch\/site\/#\/schema\/logo\/image\/"}}]}},"_links":{"self":[{"href":"https:\/\/www.beatroethlisberger.ch\/site\/wp-json\/wp\/v2\/pages\/24","targetHints":{"allow":["GET"]}}],"collection":[{"href":"https:\/\/www.beatroethlisberger.ch\/site\/wp-json\/wp\/v2\/pages"}],"about":[{"href":"https:\/\/www.beatroethlisberger.ch\/site\/wp-json\/wp\/v2\/types\/page"}],"author":[{"embeddable":true,"href":"https:\/\/www.beatroethlisberger.ch\/site\/wp-json\/wp\/v2\/users\/1"}],"replies":[{"embeddable":true,"href":"https:\/\/www.beatroethlisberger.ch\/site\/wp-json\/wp\/v2\/comments?post=24"}],"version-history":[{"count":71,"href":"https:\/\/www.beatroethlisberger.ch\/site\/wp-json\/wp\/v2\/pages\/24\/revisions"}],"predecessor-version":[{"id":1185,"href":"https:\/\/www.beatroethlisberger.ch\/site\/wp-json\/wp\/v2\/pages\/24\/revisions\/1185"}],"wp:attachment":[{"href":"https:\/\/www.beatroethlisberger.ch\/site\/wp-json\/wp\/v2\/media?parent=24"}],"curies":[{"name":"wp","href":"https:\/\/api.w.org\/{rel}","templated":true}]}}